{"id":6,"date":"2021-06-17T08:07:52","date_gmt":"2021-06-17T08:07:52","guid":{"rendered":"https:\/\/xn--virukttejaam-hlb.ee\/?page_id=6"},"modified":"2023-10-01T10:58:11","modified_gmt":"2023-10-01T10:58:11","slug":"avaleht","status":"publish","type":"page","link":"https:\/\/xn--virukttejaam-hlb.ee\/","title":{"rendered":"Avaleht"},"content":{"rendered":"<div  id=\"overlapable-2\" style=\"background-color: rgb(246, 246, 246);\" data-label=\"Overlapable\" data-id=\"stripped-coloured-icon-boxes\" data-category=\"overlapable\" class=\"features-coloured-icon-boxes-section\" data-overlap=\"true\">\n<div  class=\"gridContainer\">\n<div  class=\"features-coloured-icon-boxes-innerrow flexbox-list dark-text\" data-type=\"row\">\n<div  class=\"features-coloured-icon-boxes-featurecol cp3cols\">\n<div  class=\"features-coloured-icon-boxes-iconcontainer\" data-content-item-container=\"true\"> <i  data-cp-fa=\"true\" class=\"features-coloured-icon fa fa-industry\"><\/i><\/div>\n<h4  class=\"\">Kivis\u00fcsi<\/h4>\n<a class=\"features-coloured-button\" href=\"https:\/\/xn--virukttejaam-hlb.ee?page_id=2\" target=\"_self\" rel=\"noopener\">VAATA T\u00c4PSEMALT<\/a>\n\n<\/div>\n<div  class=\"features-coloured-icon-boxes-featurecol cp3cols\">\n<div  class=\"features-coloured-icon-boxes-iconcontainer\" data-content-item-container=\"true\"> <i  data-cp-fa=\"true\" class=\"features-coloured-icon fa fa-tree\"><\/i><\/div>\n<h4  class=\"\">K\u00fcttepuud<\/h4>\n<a class=\"features-coloured-button\" href=\"https:\/\/xn--virukttejaam-hlb.ee?page_id=2\" target=\"_self\" rel=\"noopener\">VAATA T\u00c4PSEMALT<\/a>\n\n<\/div>\n<div  class=\"features-coloured-icon-boxes-featurecol cp3cols\">\n<div  class=\"features-coloured-icon-boxes-iconcontainer\" data-content-item-container=\"true\"> <i  data-cp-fa=\"true\" class=\"features-coloured-icon fa fa-fire\"><\/i><\/div>\n<h4  class=\"\">Brikett<\/h4>\n<a class=\"features-coloured-button\" href=\"https:\/\/xn--virukttejaam-hlb.ee?page_id=2\" target=\"_self\" rel=\"noopener\">VAATA T\u00c4PSEMALT<\/a>\n\n<\/div>\n<div  class=\"features-coloured-icon-boxes-featurecol cp3cols\">\n<div  class=\"features-coloured-icon-boxes-iconcontainer\" data-content-item-container=\"true\"> <i  data-cp-fa=\"true\" class=\"features-coloured-icon fa fa-home\"><\/i><\/div>\n<h4  class=\"\">Pelletid<\/h4>\n<a class=\"features-coloured-button\" href=\"https:\/\/xn--virukttejaam-hlb.ee?page_id=2\" target=\"_self\" rel=\"noopener\">VAATA T\u00c4PSEMALT<\/a>\n\n<\/div>\n<\/div>\n<\/div>\n<\/div><div  data-label=\"About\" data-id=\"about-big-images-section\" data-category=\"about\" class=\"about-big-images-section\" id=\"about-1\" style=\"background-color: rgb(246, 246, 246);\">\n<div  class=\"\">\n<div  class=\"about-big-images-textrow\">\n<div  class=\"about-big-images-textcol dynamic-color\" data-type=\"column\">\n<h3  class=\"\">TEGELEME K\u00dcTTEPUUDE, PELLETITE, KIVIS\u00d6E JA BRIKETI M\u00dc\u00dcGIGA L\u00c4\u00c4NE-VIRUMAAL JA MUJAL.\n\nLISAKS PAKUME HALUMASINA TEENUST.&nbsp;<\/h3>\n<\/div>\n<\/div>\n<\/div>\n<div  class=\"about-big-images-bottomrow\">\n<div  class=\"about-big-images-leftimgcol\"><img  decoding=\"async\" class=\"about-big-images-leftimg\" src=\"https:\/\/xn--virukttejaam-hlb.ee\/wp-content\/uploads\/2021\/09\/IMG_0397-scaled-e1632901683360.jpg\" alt=\"\"><\/div>\n<div  class=\"about-big-images-centerimgcol\"><img  decoding=\"async\" class=\"about-big-images-centerimg\" src=\"https:\/\/xn--virukttejaam-hlb.ee\/wp-content\/uploads\/2021\/07\/200767686_497201894707402_6373257212582222063_n.jpg\" alt=\"\"><\/div>\n<div  class=\"about-big-images-rightimgcol\"><img  decoding=\"async\" class=\"about-big-images-rightimg\" src=\"https:\/\/xn--virukttejaam-hlb.ee\/wp-content\/uploads\/2021\/09\/IMG_2146-scaled.jpg\" alt=\"\"><\/div>\n<\/div>\n<\/div><div  data-label=\"Features\" data-id=\"features-small-icon-cards-section\" data-category=\"features\" class=\"features-small-icon-cards-section\" id=\"features-5\" style=\"background-color: rgb(246, 246, 246);\"> <div  class=\"gridContainer\"> <div  class=\"features-small-icon-cards-textrow\"> <div  class=\"features-small-icon-cards-textcol dynamic-color\" data-type=\"column\"> <h2  class=\"\">Teenused ja tooted<\/h2>  <\/div> <\/div> <div  class=\"features-small-icon-cards-featuresrow dark-text\" data-type=\"row\">       <div  class=\"features-small-icon-cards-featcol cp4cols\"> <div  class=\"features-small-icon-cards-featinnerrow\"> <div  class=\"features-small-icon-cards-iconcol\"> <i  data-cp-fa=\"true\" class=\"font-icon-23 fa fa-arrow-right\"><\/i> <\/div> <div  class=\"features-small-icon-cards-feattextcol\" data-type=\"column\"> <h4  class=\"\">K\u00fcttepuude m\u00fc\u00fck<\/h4>  <h4  class=\"\">Briketi ja puitbriketi m\u00fc\u00fck<\/h4><\/div> <\/div> <\/div><div  class=\"features-small-icon-cards-featcol cp4cols\"> <div  class=\"features-small-icon-cards-featinnerrow\"> <div  class=\"features-small-icon-cards-iconcol\"> <i  data-cp-fa=\"true\" class=\"font-icon-23 fa fa-arrow-right\"><\/i> <\/div> <div  class=\"features-small-icon-cards-feattextcol\" data-type=\"column\"> <h4  class=\"\">Pelletite m\u00fc\u00fck<\/h4>  <h4  class=\"\">Kivis\u00f6e m\u00fc\u00fck<\/h4><\/div> <\/div> <\/div><div  class=\"features-small-icon-cards-featcol cp4cols\"> <div  class=\"features-small-icon-cards-featinnerrow\"> <div  class=\"features-small-icon-cards-iconcol\"> <i  data-cp-fa=\"true\" class=\"font-icon-23 fa fa-arrow-right\"><\/i> <\/div> <div  class=\"features-small-icon-cards-feattextcol\" data-type=\"column\"> <h4  class=\"\">Kuivade puude m\u00fc\u00fck<\/h4>  <h4  class=\"\">Halumasina teenus<\/h4><\/div> <\/div> <\/div><\/div> <\/div><\/div><div  id=\"numbers\" data-label=\"Numbers\" data-id=\"numbers-section\" data-category=\"numbers\" data-bg=\"transparent\" class=\"numbers-section\" data-parallax-depth=\"20\" style=\"background-image: url(&quot;https:\/\/xn--virukttejaam-hlb.ee\/wp-content\/uploads\/2021\/07\/puu-scaled.jpg&quot;); background-size: auto 732px; background-repeat: no-repeat; background-position: center top 74.7781%;\">\n<div  class=\"dynamic-color gridContainer\">\n<div  class=\"numbers-itemcol\">\n<h2  class=\"numbers-numbertext\"><\/h2>\n<h3  class=\"numbers-titletext\">HALUMASINA TEENUS<\/h3>\n<\/div>\n<div  class=\"numbers-itemcol\">\n<h2  class=\"numbers-numbertext\"><\/h2>\n<h3  class=\"numbers-titletext\">TRANSPORT HINNAS<\/h3>\n<\/div>\n<div  class=\"numbers-itemcol-last\">\n<h2  class=\"numbers-numbertext\"><\/h2>\n<h3  class=\"numbers-titletext\">T\u00d6\u00d6TAME IGA P\u00c4EV<\/h3>\n<\/div>\n<\/div>\n<\/div><div  id=\"contact-4\" data-label=\"Contact\" data-id=\"contact-section\" data-category=\"contact\" data-bg=\"transparent\" class=\"contact-section-formsection white-text\" style=\"background-image: url(&quot;https:\/\/xn--virukttejaam-hlb.ee\/wp-content\/uploads\/2021\/07\/puu-scaled.jpg&quot;); background-size: auto 947.075px; background-repeat: no-repeat; background-position: center top 73.8097%;\">\n<div  class=\"gridContainer\">\n<div  class=\"row_224\">\n<div  class=\"contact-textrow\">\n<div  class=\"contact-textcol dynamic-color\">\n<h2  class=\"\">Tellimisvorm<\/h2>\n<p  class=\"white_text\">Saatke e-kiri aadressile kyttejaam@gmail.com v\u00f5i helistage numbril +37256140016 Vastame esimesel v\u00f5imalusel ja helistame alati tagasi!<\/p>\n\n<\/div>\n<\/div>\n<\/div>\n<div  class=\"contact-formcol\" data-content-shortcode=\"one_page_express_contact_form shortcode=&quot;contact-form-7 id=&amp;amp;quot;8&amp;amp;quot; title=&amp;amp;quot;Kontaktivorm 1&amp;amp;quot;&quot;\" data-editable=\"true\"><div role=\"form\" class=\"wpcf7\" id=\"wpcf7-f8-o1\" lang=\"et\" dir=\"ltr\">\n<div class=\"screen-reader-response\"><p role=\"status\" aria-live=\"polite\" aria-atomic=\"true\"><\/p> <ul><\/ul><\/div>\n<form action=\"\/index.php?rest_route=%2Fwp%2Fv2%2Fpages%2F6#wpcf7-f8-o1\" method=\"post\" class=\"wpcf7-form init\" novalidate=\"novalidate\" data-status=\"init\">\n<div style=\"display: none;\">\n<input type=\"hidden\" name=\"_wpcf7\" value=\"8\" \/>\n<input type=\"hidden\" name=\"_wpcf7_version\" value=\"5.4.1\" \/>\n<input type=\"hidden\" name=\"_wpcf7_locale\" value=\"et\" \/>\n<input type=\"hidden\" name=\"_wpcf7_unit_tag\" value=\"wpcf7-f8-o1\" \/>\n<input type=\"hidden\" name=\"_wpcf7_container_post\" value=\"0\" \/>\n<input type=\"hidden\" name=\"_wpcf7_posted_data_hash\" value=\"\" \/>\n<\/div>\n<p><label> Teie nimi<br \/>\n    <span class=\"wpcf7-form-control-wrap your-name\"><input type=\"text\" name=\"your-name\" value=\"\" size=\"40\" class=\"wpcf7-form-control wpcf7-text wpcf7-validates-as-required\" aria-required=\"true\" aria-invalid=\"false\" \/><\/span> <\/label><\/p>\n<p><label> Teie meiliaadress<br \/>\n    <span class=\"wpcf7-form-control-wrap your-email\"><input type=\"email\" name=\"your-email\" value=\"\" size=\"40\" class=\"wpcf7-form-control wpcf7-text wpcf7-email wpcf7-validates-as-required wpcf7-validates-as-email\" aria-required=\"true\" aria-invalid=\"false\" \/><\/span> <\/label><\/p>\n<p><label> Teema<br \/>\n    <span class=\"wpcf7-form-control-wrap your-subject\"><input type=\"text\" name=\"your-subject\" value=\"\" size=\"40\" class=\"wpcf7-form-control wpcf7-text wpcf7-validates-as-required\" aria-required=\"true\" aria-invalid=\"false\" \/><\/span> <\/label><\/p>\n<p><label> Teie s\u00f5num<br \/>\n    <span class=\"wpcf7-form-control-wrap your-message\"><textarea name=\"your-message\" cols=\"40\" rows=\"10\" class=\"wpcf7-form-control wpcf7-textarea\" aria-invalid=\"false\"><\/textarea><\/span> <\/label><\/p>\n<p><input type=\"submit\" value=\"Saada\" class=\"wpcf7-form-control wpcf7-submit\" \/><\/p>\n<div class=\"wpcf7-response-output\" aria-hidden=\"true\"><\/div><\/form><\/div><\/div>\n<\/div>\n<\/div>","protected":false},"excerpt":{"rendered":"<p>Kivis\u00fcsi VAATA T\u00c4PSEMALT K\u00fcttepuud VAATA T\u00c4PSEMALT Brikett VAATA T\u00c4PSEMALT Pelletid VAATA T\u00c4PSEMALT TEGELEME K\u00dcTTEPUUDE, PELLETITE, KIVIS\u00d6E JA BRIKETI M\u00dc\u00dcGIGA L\u00c4\u00c4NE-VIRUMAAL JA MUJAL. LISAKS PAKUME HALUMASINA TEENUST.&nbsp; Teenused ja tooted K\u00fcttepuude m\u00fc\u00fck Briketi ja puitbriketi m\u00fc\u00fck Pelletite m\u00fc\u00fck Kivis\u00f6e m\u00fc\u00fck Kuivade puude m\u00fc\u00fck Halumasina teenus HALUMASINA TEENUS TRANSPORT HINNAS T\u00d6\u00d6TAME IGA P\u00c4EV Tellimisvorm Saatke e-kiri aadressile&hellip; <br \/> <a class=\"button small blue\" href=\"https:\/\/xn--virukttejaam-hlb.ee\/\">Read more<\/a><\/p>\n","protected":false},"author":1,"featured_media":0,"parent":0,"menu_order":0,"comment_status":"closed","ping_status":"closed","template":"","meta":{"footnotes":""},"class_list":["post-6","page","type-page","status-publish","hentry"],"yoast_head":"<!-- This site is optimized with the Yoast SEO plugin v17.6 - https:\/\/yoast.com\/wordpress\/plugins\/seo\/ -->\n<title>Avaleht - VIRU K&Uuml;TTEJAAM<\/title>\n<meta name=\"description\" content=\"M\u00fc\u00fca L\u00e4\u00e4ne-Virumaal k\u00fcttepuud, brikett, pellet, kivis\u00fcsi. HALUMASINA TEENUS, TRANSPORT HINNAS, T\u00d6\u00d6TAME IGA P\u00c4EV\" \/>\n<meta name=\"robots\" content=\"index, follow, max-snippet:-1, max-image-preview:large, max-video-preview:-1\" \/>\n<link rel=\"canonical\" href=\"https:\/\/xn--virukttejaam-hlb.ee\/\" \/>\n<meta property=\"og:locale\" content=\"et_EE\" \/>\n<meta property=\"og:type\" content=\"article\" \/>\n<meta property=\"og:title\" content=\"Avaleht - VIRU K&Uuml;TTEJAAM\" \/>\n<meta property=\"og:description\" content=\"M\u00fc\u00fca L\u00e4\u00e4ne-Virumaal k\u00fcttepuud, brikett, pellet, kivis\u00fcsi. HALUMASINA TEENUS, TRANSPORT HINNAS, T\u00d6\u00d6TAME IGA P\u00c4EV\" \/>\n<meta property=\"og:url\" content=\"https:\/\/xn--virukttejaam-hlb.ee\/\" \/>\n<meta property=\"og:site_name\" content=\"VIRU K&Uuml;TTEJAAM\" \/>\n<meta property=\"article:modified_time\" content=\"2023-10-01T10:58:11+00:00\" \/>\n<meta property=\"og:image\" content=\"https:\/\/xn--virukttejaam-hlb.ee\/wp-content\/uploads\/2021\/09\/IMG_0397-scaled-e1632901683360.jpg\" \/>\n<meta name=\"twitter:card\" content=\"summary_large_image\" \/>\n<meta name=\"twitter:label1\" content=\"Est. reading time\" \/>\n\t<meta name=\"twitter:data1\" content=\"1 minut\" \/>\n<script type=\"application\/ld+json\" class=\"yoast-schema-graph\">{\"@context\":\"https:\/\/schema.org\",\"@graph\":[{\"@type\":\"WebSite\",\"@id\":\"https:\/\/xn--virukttejaam-hlb.ee\/#website\",\"url\":\"https:\/\/xn--virukttejaam-hlb.ee\/\",\"name\":\"VIRU K&Uuml;TTEJAAM\",\"description\":\"\",\"potentialAction\":[{\"@type\":\"SearchAction\",\"target\":{\"@type\":\"EntryPoint\",\"urlTemplate\":\"https:\/\/xn--virukttejaam-hlb.ee\/?s={search_term_string}\"},\"query-input\":\"required name=search_term_string\"}],\"inLanguage\":\"et\"},{\"@type\":\"ImageObject\",\"@id\":\"https:\/\/xn--virukttejaam-hlb.ee\/#primaryimage\",\"inLanguage\":\"et\",\"url\":\"https:\/\/xn--virukttejaam-hlb.ee\/wp-content\/uploads\/2021\/09\/IMG_0397-scaled-e1632901683360.jpg\",\"contentUrl\":\"https:\/\/xn--virukttejaam-hlb.ee\/wp-content\/uploads\/2021\/09\/IMG_0397-scaled-e1632901683360.jpg\",\"width\":2156,\"height\":1638},{\"@type\":\"WebPage\",\"@id\":\"https:\/\/xn--virukttejaam-hlb.ee\/#webpage\",\"url\":\"https:\/\/xn--virukttejaam-hlb.ee\/\",\"name\":\"Avaleht - VIRU K&Uuml;TTEJAAM\",\"isPartOf\":{\"@id\":\"https:\/\/xn--virukttejaam-hlb.ee\/#website\"},\"primaryImageOfPage\":{\"@id\":\"https:\/\/xn--virukttejaam-hlb.ee\/#primaryimage\"},\"datePublished\":\"2021-06-17T08:07:52+00:00\",\"dateModified\":\"2023-10-01T10:58:11+00:00\",\"description\":\"M\\u00fc\\u00fca L\\u00e4\\u00e4ne-Virumaal k\\u00fcttepuud, brikett, pellet, kivis\\u00fcsi. HALUMASINA TEENUS, TRANSPORT HINNAS, T\\u00d6\\u00d6TAME IGA P\\u00c4EV\",\"breadcrumb\":{\"@id\":\"https:\/\/xn--virukttejaam-hlb.ee\/#breadcrumb\"},\"inLanguage\":\"et\",\"potentialAction\":[{\"@type\":\"ReadAction\",\"target\":[\"https:\/\/xn--virukttejaam-hlb.ee\/\"]}]},{\"@type\":\"BreadcrumbList\",\"@id\":\"https:\/\/xn--virukttejaam-hlb.ee\/#breadcrumb\",\"itemListElement\":[{\"@type\":\"ListItem\",\"position\":1,\"name\":\"Home\",\"item\":\"https:\/\/xn--virukttejaam-hlb.ee\/\"},{\"@type\":\"ListItem\",\"position\":2,\"name\":\"Avaleht\"}]}]}<\/script>\n<!-- \/ Yoast SEO plugin. -->","yoast_head_json":{"title":"Avaleht - VIRU K&Uuml;TTEJAAM","description":"M\u00fc\u00fca L\u00e4\u00e4ne-Virumaal k\u00fcttepuud, brikett, pellet, kivis\u00fcsi. HALUMASINA TEENUS, TRANSPORT HINNAS, T\u00d6\u00d6TAME IGA P\u00c4EV","robots":{"index":"index","follow":"follow","max-snippet":"max-snippet:-1","max-image-preview":"max-image-preview:large","max-video-preview":"max-video-preview:-1"},"canonical":"https:\/\/xn--virukttejaam-hlb.ee\/","og_locale":"et_EE","og_type":"article","og_title":"Avaleht - VIRU K&Uuml;TTEJAAM","og_description":"M\u00fc\u00fca L\u00e4\u00e4ne-Virumaal k\u00fcttepuud, brikett, pellet, kivis\u00fcsi. HALUMASINA TEENUS, TRANSPORT HINNAS, T\u00d6\u00d6TAME IGA P\u00c4EV","og_url":"https:\/\/xn--virukttejaam-hlb.ee\/","og_site_name":"VIRU K&Uuml;TTEJAAM","article_modified_time":"2023-10-01T10:58:11+00:00","og_image":[{"url":"https:\/\/xn--virukttejaam-hlb.ee\/wp-content\/uploads\/2021\/09\/IMG_0397-scaled-e1632901683360.jpg"}],"twitter_card":"summary_large_image","twitter_misc":{"Est. reading time":"1 minut"},"schema":{"@context":"https:\/\/schema.org","@graph":[{"@type":"WebSite","@id":"https:\/\/xn--virukttejaam-hlb.ee\/#website","url":"https:\/\/xn--virukttejaam-hlb.ee\/","name":"VIRU K&Uuml;TTEJAAM","description":"","potentialAction":[{"@type":"SearchAction","target":{"@type":"EntryPoint","urlTemplate":"https:\/\/xn--virukttejaam-hlb.ee\/?s={search_term_string}"},"query-input":"required name=search_term_string"}],"inLanguage":"et"},{"@type":"ImageObject","@id":"https:\/\/xn--virukttejaam-hlb.ee\/#primaryimage","inLanguage":"et","url":"https:\/\/xn--virukttejaam-hlb.ee\/wp-content\/uploads\/2021\/09\/IMG_0397-scaled-e1632901683360.jpg","contentUrl":"https:\/\/xn--virukttejaam-hlb.ee\/wp-content\/uploads\/2021\/09\/IMG_0397-scaled-e1632901683360.jpg","width":2156,"height":1638},{"@type":"WebPage","@id":"https:\/\/xn--virukttejaam-hlb.ee\/#webpage","url":"https:\/\/xn--virukttejaam-hlb.ee\/","name":"Avaleht - VIRU K&Uuml;TTEJAAM","isPartOf":{"@id":"https:\/\/xn--virukttejaam-hlb.ee\/#website"},"primaryImageOfPage":{"@id":"https:\/\/xn--virukttejaam-hlb.ee\/#primaryimage"},"datePublished":"2021-06-17T08:07:52+00:00","dateModified":"2023-10-01T10:58:11+00:00","description":"M\u00fc\u00fca L\u00e4\u00e4ne-Virumaal k\u00fcttepuud, brikett, pellet, kivis\u00fcsi. HALUMASINA TEENUS, TRANSPORT HINNAS, T\u00d6\u00d6TAME IGA P\u00c4EV","breadcrumb":{"@id":"https:\/\/xn--virukttejaam-hlb.ee\/#breadcrumb"},"inLanguage":"et","potentialAction":[{"@type":"ReadAction","target":["https:\/\/xn--virukttejaam-hlb.ee\/"]}]},{"@type":"BreadcrumbList","@id":"https:\/\/xn--virukttejaam-hlb.ee\/#breadcrumb","itemListElement":[{"@type":"ListItem","position":1,"name":"Home","item":"https:\/\/xn--virukttejaam-hlb.ee\/"},{"@type":"ListItem","position":2,"name":"Avaleht"}]}]}},"_links":{"self":[{"href":"https:\/\/xn--virukttejaam-hlb.ee\/index.php?rest_route=\/wp\/v2\/pages\/6","targetHints":{"allow":["GET"]}}],"collection":[{"href":"https:\/\/xn--virukttejaam-hlb.ee\/index.php?rest_route=\/wp\/v2\/pages"}],"about":[{"href":"https:\/\/xn--virukttejaam-hlb.ee\/index.php?rest_route=\/wp\/v2\/types\/page"}],"author":[{"embeddable":true,"href":"https:\/\/xn--virukttejaam-hlb.ee\/index.php?rest_route=\/wp\/v2\/users\/1"}],"replies":[{"embeddable":true,"href":"https:\/\/xn--virukttejaam-hlb.ee\/index.php?rest_route=%2Fwp%2Fv2%2Fcomments&post=6"}],"version-history":[{"count":59,"href":"https:\/\/xn--virukttejaam-hlb.ee\/index.php?rest_route=\/wp\/v2\/pages\/6\/revisions"}],"predecessor-version":[{"id":425,"href":"https:\/\/xn--virukttejaam-hlb.ee\/index.php?rest_route=\/wp\/v2\/pages\/6\/revisions\/425"}],"wp:attachment":[{"href":"https:\/\/xn--virukttejaam-hlb.ee\/index.php?rest_route=%2Fwp%2Fv2%2Fmedia&parent=6"}],"curies":[{"name":"wp","href":"https:\/\/api.w.org\/{rel}","templated":true}]}}